{"id":26,"date":"2016-03-16T16:48:07","date_gmt":"2016-03-16T15:48:07","guid":{"rendered":"http:\/\/gaetandupin.com\/?page_id=26"},"modified":"2018-12-15T11:49:47","modified_gmt":"2018-12-15T10:49:47","slug":"accompagnement","status":"publish","type":"page","link":"https:\/\/gaetandupin.com\/index.php\/accompagnement\/","title":{"rendered":"Accompagnement"},"content":{"rendered":"<p style=\"text-align: center;\">Prendre l&#8217;air , faire de l&#8217;exercice et visiter en s&#8217;amusant , le v\u00e9lo apparait vite comme le moyen id\u00e9al de\u00a0 d\u00e9couvrir la Provence sans les contraintes li\u00e9es \u00e0 l&#8217;automobile.<\/p>\n<p style=\"text-align: center;\"><img decoding=\"async\" loading=\"lazy\" class=\"alignnone wp-image-195 size-large\" src=\"http:\/\/gaetandupin.com\/wp-content\/uploads\/2016\/03\/DROZPHOTO_Parc-Luberon_67417-1024x682.jpeg\" alt=\"DROZPHOTO_Parc Luberon_67417\" width=\"584\" height=\"389\" \/><\/p>\n<p style=\"text-align: center;\"><strong>D\u00e9couverte des villages<br \/>\n<\/strong><\/p>\n<p style=\"text-align: center;\"><em style=\"text-align: left;\"><img decoding=\"async\" loading=\"lazy\" class=\"wp-image-193 size-large aligncenter\" src=\"http:\/\/gaetandupin.com\/wp-content\/uploads\/2016\/03\/DROZPHOTO_Parc-Luberon_67406-682x1024.jpeg\" alt=\"DROZPHOTO_Parc Luberon_67406\" width=\"584\" height=\"877\" \/><\/em><\/p>\n<p>Suivez le guide sur des petites routes qui vous guideront aux travers des plus beaux villages du Luberon &gt; Gordes , Roussillon , Bonnieux&#8230; n&#8217;auront presque plus aucuns secrets pour vous.<\/p>\n<p style=\"text-align: center;\"><em>Un stop pour un caf\u00e9 , un petit tour au march\u00e9 , une visite du mus\u00e9e de la truffe ou de la lavande\u00a0 et un arr\u00eat chez un petit producteur peuvent \u00eatre autant de pauses possibles pour s\u2019impr\u00e9gner de la vie locale et d\u00e9couvrir la Provence \u00e0 v\u00e9lo.<br \/>\n<\/em><\/p>\n<p style=\"text-align: center;\"><strong>\u00a0VTT D\u00e9couverte<br \/>\n<\/strong><\/p>\n<p style=\"text-align: center;\"><img decoding=\"async\" loading=\"lazy\" class=\"wp-image-82 size-large aligncenter\" src=\"http:\/\/gaetandupin.com\/wp-content\/uploads\/2016\/03\/DR41083-682x1024.jpeg\" alt=\"_DR41083\" width=\"584\" height=\"877\" \/><\/p>\n<p>Ne vous ennuyez plus avec votre carte &gt; SUIVEZ LE GUIDE.<\/p>\n<p>Nos collines sont r\u00e9put\u00e9es pour le nombres impressionnant de chemins dont elles regorgent , ce qui peut vite devenir un cauchemars quand on ne connait pas bien le secteur. Je vous propose de me suivre pour d\u00e9couvrir la face &#8221; sauvage&#8221; de notre belle r\u00e9gion et quelques perles cach\u00e9es au c\u0153ur du parc du Luberon et de Provence.<\/p>\n<p style=\"text-align: center;\"><em>Exploitation ocri\u00e8re , village d\u00e9sert\u00e9 , bories , mur de la peste , for\u00eat des c\u00e8dres , colorado provencal peuvent faire partie du programme.<br \/>\n<\/em><\/p>\n<p style=\"text-align: center;\"><strong>Sur mesure.<br \/>\n<\/strong><\/p>\n<p>Que ce soit en v\u00e9lo de route ou VTT , classique ou \u00e9lectrique je vous propose d&#8217;\u00e9tudier vos demandes et de mettre en place un programme sur un ou plusieurs jours au plus proche de vos attentes.<\/p>\n<p>En tant que guide local je serais l\u00e0 pour assurer votre s\u00e9curit\u00e9 et vous faire part de mon exp\u00e9rience et mes connaissances quand \u00e0 la pratique et au milieu local.<\/p>\n<p><img decoding=\"async\" loading=\"lazy\" class=\"size-full wp-image-328\" src=\"http:\/\/gaetandupin.com\/wp-content\/uploads\/2016\/03\/IMG_1245.jpg\" alt=\"OLYMPUS DIGITAL CAMERA\" width=\"4608\" height=\"3456\" srcset=\"https:\/\/gaetandupin.com\/wp-content\/uploads\/2016\/03\/IMG_1245.jpg 4608w, https:\/\/gaetandupin.com\/wp-content\/uploads\/2016\/03\/IMG_1245-300x225.jpg 300w, https:\/\/gaetandupin.com\/wp-content\/uploads\/2016\/03\/IMG_1245-585x439.jpg 585w\" sizes=\"(max-width: 4608px) 100vw, 4608px\" \/><\/p>\n<p style=\"text-align: center;\"><strong>Les +<\/strong><\/p>\n<p style=\"text-align: left;\">Toutes ces options vous mettent l&#8217;eau \u00e0 la bouche mais vous ne savez pas vraiment jusqu&#8217;o\u00f9 vous pouvez aller en v\u00e9lo.<\/p>\n<p>Pas de probl\u00e8me, en plus de planifier un programme au mieux adapt\u00e9 \u00e0 vos capacit\u00e9s et vos attentes je vous ferez profiter de mon r\u00e9seau de partenaires afin que votre exp\u00e9rience soit la meilleure possible.<\/p>\n<p style=\"text-align: center;\"><em>Location de e-bike , assistance en Van , Taxi , pause restaurant ou pique nique sont autant d&#8217;options qui rende l&#8217;activit\u00e9 flexible et agr\u00e9able.<br \/>\n<\/em><\/p>\n<p style=\"text-align: center;\">\n","protected":false},"excerpt":{"rendered":"<p>Prendre l&#8217;air , faire de l&#8217;exercice et visiter en s&#8217;amusant <a class=\"more-link\" href=\"https:\/\/gaetandupin.com\/index.php\/accompagnement\/\">Lire plus &#8230;<\/a><\/p>\n","protected":false},"author":1,"featured_media":326,"parent":0,"menu_order":0,"comment_status":"closed","ping_status":"closed","template":"","meta":{"spay_email":""},"jetpack_sharing_enabled":true,"jetpack_shortlink":"https:\/\/wp.me\/P9Pb1p-q","_links":{"self":[{"href":"https:\/\/gaetandupin.com\/index.php\/wp-json\/wp\/v2\/pages\/26"}],"collection":[{"href":"https:\/\/gaetandupin.com\/index.php\/wp-json\/wp\/v2\/pages"}],"about":[{"href":"https:\/\/gaetandupin.com\/index.php\/wp-json\/wp\/v2\/types\/page"}],"author":[{"embeddable":true,"href":"https:\/\/gaetandupin.com\/index.php\/wp-json\/wp\/v2\/users\/1"}],"replies":[{"embeddable":true,"href":"https:\/\/gaetandupin.com\/index.php\/wp-json\/wp\/v2\/comments?post=26"}],"version-history":[{"count":32,"href":"https:\/\/gaetandupin.com\/index.php\/wp-json\/wp\/v2\/pages\/26\/revisions"}],"predecessor-version":[{"id":733,"href":"https:\/\/gaetandupin.com\/index.php\/wp-json\/wp\/v2\/pages\/26\/revisions\/733"}],"wp:featuredmedia":[{"embeddable":true,"href":"https:\/\/gaetandupin.com\/index.php\/wp-json\/wp\/v2\/media\/326"}],"wp:attachment":[{"href":"https:\/\/gaetandupin.com\/index.php\/wp-json\/wp\/v2\/media?parent=26"}],"curies":[{"name":"wp","href":"https:\/\/api.w.org\/{rel}","templated":true}]}}